tors of 1 - 8 - (33 + -759).
719
Suppose 5*l + 5 = -0. Let x = 104 + l. Suppose -5*j + x = -27. List the prime factors of j.
2, 13
Suppose -1 = 4*t + 3*c, 4*c - 1 = 5*t - 23. Suppose -2*w + 6 = t. What are the prime factors of (39 - 4 - w) + 2?
5, 7
Suppose 3*k = 4*x - 12, -19 = 3*x + 4*k - 3. Suppose 6*y - 8*y + 200 = x. List the prime factors of y.
2, 5
Let i(l) = 31*l - 63. What are the prime factors of i(8)?
5, 37
Let j(g) = -4*g**3 + 3*g**2 + g - 1. Let r be j(-1). Suppose -r*w + 192 = -2*w. List the prime factors of w.
2
Let o = -4829 + 9254. List the prime factors of o.
3, 5, 59
Let h = -78 - -129. Suppose -3*l - 69 = -3*r, 4*l + 3*r = r - 122. Let n = l + h. List the prime factors of n.
23
Let z be -72 + 6 - 1/1. What are the prime factors of (z/(-5))/(16/80)?
67
Suppose p + 4*s = 848, -2*s = -s + 3. What are the prime factors of p?
2, 5, 43
Let w(i) = -i**3 + 5*i**2 - 2*i - 6. Let t be w(4). Suppose 2*f + 374 = 2*s, -3*s - 5*f + 157 = -t*s. List the prime factors of s.
2, 7, 13
Let r = 961 + -308. List the prime factors of (-17)/((-833)/(-14)) - r/(-7).
3, 31
Let i(l) = l**3 - 4*l**2 - 6*l - 5. Suppose 0 = 3*a - 4*r - 26, 2*a = -2*r - 0*r + 8. List the prime factors of i(a).
31
Suppose -x + 90 + 39 = 0. List the prime factors of x.
3, 43
Let w(g) = -45*g**3 + 2*g**2 - 2*g - 1. What are the prime factors of w(-2)?
7, 53
Let h be 5*16/30*-3. Let z = 19 + h. List the prime factors of z.
11
Let y = 44 - 38. Suppose 5*d + 4*i = 96, -y*d - 8 = -7*d + 2*i. List the prime factors of d.
2
Suppose 3*u - p = 1762, u + 2*p - 7*p = 606. What are the prime factors of u?
2, 293
Let y be ((3 - 4)*-36)/(-1). Let m = 54 + y. What are the prime factors of m?
2, 3
Suppose 4*o = -28*h + 30*h + 1924, -o = -5*h - 490. List the prime factors of o.
2, 3, 5
Suppose -4*j = 77 + 3. Let u = -48 - j. Let c = u + 48. What are the prime factors of c?
2, 5
Suppose -3*u + 4*b = -6*u + 46, -5*u + 100 = -5*b. Let h = 0 + u. List the prime factors of h/12 - (-246)/4.
3, 7
Suppose 10*n - 95 = 5*n. Let r = -11 + n. Let t(u) = -u**3 + 7*u**2 + 12*u - 10. List the prime factors of t(r).
2, 11
Let s(p) = p + 5 - 2 + 3 + 0. Let j be 1 + -1 + (4 - 7). List the prime factors of s(j).
3
Let u(l) = l**2 - 3*l - 9. Let h(s) = -2*s**3 - 5*s**2 - 2*s + 2. Let c be h(-2). Suppose -20 = 6*f - c*f. What are the prime factors of u(f)?
31
Let a(g) = 39*g**2 - 15*g + 1. What are the prime factors of a(-3)?
397
Suppose -2*b = -4045 - 985. What are the prime factors of b?
5, 503
Suppose -3*j - 34 = -s + j, 4*j + 62 = 3*s. Let l = s + -14. Let k(y) = y**2 + y + 25. What are the prime factors of k(l)?
5
Suppose -5*m = -4*m + 2. Let f be 9/(-6) + m/4. What are the prime factors of f*29/(-2) + -2?
3
Suppose -14736 = -15*q + 16764. What are the prime factors of q?
2, 3, 5, 7
Suppose -4*m = 5*y + 267, -2*m - 2*y - 120 = -4*y. Let v = 88 - m. List the prime factors of v.
151
Let i(r) = 1. Let n(q) = -4*q + 1. Let j(m) = -6*i(m) + 3*n(m). Let o be j(-2). What are the prime factors of 561/o + 4/14?
3
Suppose -73280 = -37*w + 31134. List the prime factors of w.
2, 17, 83
Suppose 0 = 3*b - 117 - 84. Let i = b + -19. List the prime factors of i.
2, 3
Suppose 0 = -2*y + 4*t + 5548, 3*y - 5*t - 7257 = 1069. What are the prime factors of y?
2, 13, 107
Let g(j) = j**2 - 10*j + 4. Let m be g(7). Let l = -9 - m. What are the prime factors of l*(-3 + 16/4)?
2
Let a = 301 - -244. What are the prime factors of a?
5, 109
Let t = -14 + 16. Let j(h) = h**2 + 3. Let x be j(t). List the prime factors of ((-2)/(-2))/(x/462).
2, 3, 11
Let h be 588/(-8) - (-2)/4. Let s = h + 24. Let f = 78 + s. List the prime factors of f.
29
Suppose v = -4*r + 3248, -r + 5*v + 1318 = 485. List the prime factors of r.
3, 271
Let a(z) = 333*z**2 + 19*z - 2. Let k be a(-3). Suppose -502 - k = -20*m. List the prime factors of m.
2, 43
Let q(y) = -y**2 + 3*y + 16. Let a be q(4). Suppose -5*g = 0, 4*c - 2*g + 10 = -10. Let f = c + a. What are the prime factors of f?
7
Let m = 7484 - 5272. What are the prime factors of m?
2, 7, 79
Suppose 5*f = 3*w - 578, 5*f - 113 - 264 = -2*w. List the prime factors of 3/(w/(-97) + 2).
97
Let h = 121 - 229. Let t be h/(-30) - 4/(-10). Suppose 5*j = -t*b + 85, -b + 5*j + 0 + 40 = 0. List the prime factors of b.
5
Let d = -12 - -15. Suppose d*o = o + 78. Suppose -2*w = -2*b + 26, 0 = 3*b + 3*w - 0*w - o. List the prime factors of b.
13
Let r(w) = -4*w**3 + 22*w**2 - 3. What are the prime factors of r(4)?
3, 31
Let w(g) = 5*g**2 + 2*g - 4. What are the prime factors of w(-3)?
5, 7
Let h be (-1 + -2 - 2)/(-1). Let c be (1 + 19)*4/h. What are the prime factors of (-34)/(-10) + c/(-40)?
3
What are the prime factors of (-1222)/6*((6 - 1) + -8)?
13, 47
Let u(h) = -2*h - 10. Let v be u(-6). Let y(g) = -2*g + 1 - 15*g**v + 13*g**2 - 16*g**3 + 2*g. What are the prime factors of y(-1)?
3, 5
Suppose 4*u - 4*h - 4096 = h, -2*h - 8 = 0. What are the prime factors of u?
1019
List the prime factors of 7 - (9 + -2) - -131.
131
Let x(o) = -524*o - 5. What are the prime factors of x(-1)?
3, 173
Suppose 22*d = -22*d + 37972. What are the prime factors of d?
863
Let p(c) = c**3 + 2*c**2 - 4*c + 4. Suppose 0*g - 5*g + 10 = 0. Let v be p(g). What are the prime factors of (0 + -2)*(-54)/v?
3
Suppose -3*w = -112 + 70. What are the prime factors of 15/10*w - -5?
2, 13
Let p(s) = -12*s - 36. Suppose r + 2*z + 1 + 8 = 0, -5*r - 23 = -z. What are the prime factors of p(r)?
2, 3
Suppose -d + 2 + 2 = 0. Suppose -d*i + 5*v + 1140 = 384, 5*v = 20. What are the prime factors of i?
2, 97
Let r(v) = 15*v + 0*v**2 - 27 + 29 + 0*v**2 - v**3. List the prime factors of r(-6).
2
Let k(o) = 205*o**3 + o**2 - 1. Let d be k(1). Suppose -4 = -3*i + 2. Suppose a - 164 = -4*v + i*a, 0 = 5*v + 2*a - d. What are the prime factors of v?
41
Let p(u) = -u**3 - 3*u**2 - 5*u + 3221. What are the prime factors of p(0)?
3221
What are the prime factors of (6876/10 - (-10)/25) + 1?
13, 53
Let z be ((-2)/(-4))/((-26)/208). Let c(p) = 15*p**2 + 5*p + 12. List the prime factors of c(z).
2, 29
Let z be -7*1 + 0/(-8). Let h(m) = m**2 + 6*m - 1. Let n be h(z). Let b = 2 + n. What are the prime factors of b?
2
Let d = -24 - -26. Let f be (7/14)/(1/44). Suppose -3*h + d*c = -f, h - 4 - 2 = c. List the prime factors of h.
2, 5
Let t = 72 + -71. List the prime factors of (0 + t)/((-10)/(-190)).
19
Suppose 4*q - 4*u - 3 - 25 = 0, -4*q + 5*u = -26. Let z = 0 - q. Let j = 43 + z. What are the prime factors of j?
2, 17
Let y be (1/3)/((-3)/(-18)). Suppose y*i + 312 = 5*j, 4*i = -5*j + 286 + 50. Suppose 5*v + 3*x + j = 159, -x + 69 = 4*v. What are the prime factors of v?
2
Let u = 5627 - 2931. List the prime factors of u.
2, 337
Let m(q) = q**3 - 8*q**2 + 13*q - 12. Suppose -3*l + 6*l = 21. List the prime factors of m(l).
2, 3, 5
Let r = 49 + -31. What are the prime factors of 7/(-3) - (-6)/r - -123?
11
Suppose 0 = 5*h - 5*m + 183 + 37, 0 = -3*h - m - 140. Let u = h + 67. Let l = -6 + u. List the prime factors of l.
3, 5
Let n be (1 - 17 - (-5 - -7))*19. Let w = n + 543. List the prime factors of w.
3, 67
Let u(b) = 7*b**2 + 112*b - 113*b - 2 + 5*b**2. Suppose -4*t - 6 = -2. What are the prime factors of u(t)?
11
Suppose -20 = -i - 4*i. Suppose 0*h - 3*h - i*w = -72, 120 = 5*h + 4*w. List the prime factors of h.
2, 3
Let g = -17 - -141. What are the prime factors of g?
2, 31
Let w(o) = -o - 2. Let a be w(-6). Suppose -7 + a = x. List the prime factors of x*1*200/(-30).
2, 5
Suppose 5*w - 5*v + 2*v - 10 = 0, 4*w - v = 15. Let z = 561 - 376. Suppose 2*m - 33 = w*t + 20, 5*m - z = 2*t. List the prime factors of m.
3, 13
Let y(b) = -b**2 + 11*b - 24. Let t be y(7). Suppose -n + 1085 = 4*a + t*n, -2*n + 10 = 0. List the prime factors of a.
5, 53
Let s(m) = 245*m + 82. List the prime factors of s(3).
19, 43
Suppose -6*k + 3*k = -15. Suppose k*j - 483 = -3*o, -2*o - 190 = -j - j. Suppose 0 = -2*v - 2*v + j. What are the prime factors of v?
2, 3
Let k be (-9)/18 - 6/(-4). Let c be 3 + k*(190 - 3). Suppose 0*a - 4*a + 152 = 4*s, s - c = -5*a. List the prime factors of a.
2, 19
Let q(h) = h + 2. Let u(a) = 91*a - 16. Let g(z) = -2*q(z) - u(z). What are the prime factors of g(-2)?
2, 3, 11
Let b = 399 + -567. Let i = 242 + b. What are the prime factors of i?
2, 37
Let n(l) = -3*l**2 - 